m(o) = -7*o - 21. Let w(t) = 8*t + 23. Let f(g) = -5*g**2 + 2*g. Let n be f(-1). Let a(b) = n*m(b) - 6*w(b). Determine a(-7).
2
Let j = 156 - 153. Suppose -4*k = -2*c - 40, -k - 2*c + 41 = 4*k. Let p(t) = -5*t + 4. Let w(i) = i - 1. Let d(g) = k*w(g) + 2*p(g). Give d(j).
-4
Suppose 35 = 10*j + 5. Let d(v) = -12*v**2 - 9*v**3 + 5*v**3 + 5*v**j + v - 2*v**3 + 16. Give d(-12).
4
Suppose 2*v + 25 = 7*v. Let p(r) = -6*r - 3 - r**2 + 7*r**2 - v*r**2. Suppose 2*w + s = 14, -w + s + 1 = -0*s. Determine p(w).
-8
Let y(w) be the second derivative of w**5/20 + 13*w**4/12 + w**3/3 + 43*w**2/2 - 4202*w. Give y(-13).
17
Let c = 227 - 218. Let g(l) = -l + c + 17 - 11 + l**2. Give g(0).
15
Suppose -t + 0 = 4. Let i(o) = 6 + 7*o - 1 - 462*o**2 + 464*o**2. What is i(t)?
9
Suppose x + x = -8. Let a(r) be the second derivative of -40*r + 0 - 1/2*r**3 + 3/2*r**2. Give a(x).
15
Suppose -51*a = -4*a - 4794. Let z(t) = -t**2 + 11 - 23 - a*t + 14 + 104*t. Let k be (8/(-6))/((-2)/6). Calculate z(k).
-6
Let f = 632 + -628. Let k(c) = -6*c - 3*c - 7*c - 5 + 18*c. Determine k(f).
3
Let l(p) = 20*p**3 + 12*p**2 + 4*p - 64. Let y(o) = -17*o**3 - 13*o**2 - 3*o + 57. Let z(q) = -5*l(q) - 6*y(q). What is z(-9)?
-4
Let j(o) = 1109*o - 4*o**2 + 3*o**2 - 5 - 1088*o. Give j(18).
49
Let q(w) = 7*w**2 - 3*w + 1. Suppose -j = 2, -2*y + 13*j - 12*j + 4 = 0. What is q(y)?
5
Let c(b) be the third derivative of b**4/24 - b**3/3 - 3*b**2 + 394*b. Give c(-12).
-14
Let p(n) be the second derivative of -n**5/20 + 7*n**4/12 - 2*n**3/3 - 3*n**2 + 100*n. Let s(t) = -t**3 - 9*t**2 + t + 15. Let y be s(-9). What is p(y)?
6
Let o be 15 + -11 + (-3 - 4). Let k(i) be the first derivative of -5*i**2/2 + i - 7. Determine k(o).
16
Suppose -5*d + d = 28. Let j(a) be the first derivative of 2*a**3/3 + 6*a**2 - 13*a - 35. Let y be j(d). Let g(i) = 5*i**3 + i - 1. Give g(y).
5
Let t(a) = -2*a + 22. Let x be t(14). Let p(r) = 3*r + 43 - 17 - 4 - 17. What is p(x)?
-13
Let b(y) = 0*y**3 - 16*y - y**3 + 3*y + 14*y**2 - 1724 + 1703. Determine b(13).
-21
Let o(c) = -11*c - 17. Suppose 5*w = -19*w - 48. What is o(w)?
5
Let b(x) be the first derivative of 117 + 5/3*x**3 - 5*x + 1/4*x**4 - 3*x**2. Determine b(-6).
-5
Let m(d) = d**3 + 5*d**2 + 3*d + 5. Let y be 1 + (-4)/(-6)*17*9. Suppose -95 = -2*s - y. What is m(s)?
9
Let z(j) be the third derivative of j**6/120 + j**5/5 + j**4/12 + 29*j**3/6 + j**2 + 1383. Calculate z(-12).
5
Let x be (-52)/13*(-6)/4 - -35. Let l(v) = v - 57 + v + x + 17. Let g(q) = -2*q. Let f be g(2). Determine l(f).
-7
Let j(s) = s**3 + 7*s**2 + 5*s + 5. Let n = -80 - -79. Let v be 3*(3/n)/(-3). Suppose -v*l - 2*l = 3*a - 7, a - 5*l + 31 = 0. Calculate j(a).
11
Let a(o) = 2*o - 3. Let w = -27 - -44. Let j(f) = -f - 27 - 23 - w + 66. Let m(h) = -a(h) - j(h). Determine m(6).
-2
Let s(q) = q**2 + q. Let k(x) = -x**3 + 7*x**2 - 4*x - 10. Let b be k(6). Suppose 4*t - 6 + b = 0. Let d(m) = -m + 2. Let j(f) = t*d(f) - 2*s(f). Give j(-3).
-7
Suppose 0 = 3*r - 3*g + 18, -4*r - 36 = 2*g - 12. Let k be 3*((-14)/(-56))/(r/32). Let c(v) = -2*v**2 - 8*v - 7. Calculate c(k).
-7
Suppose 2*g - 3*r = 9, 2*g - 4*r - 16 = -2*g. Let a(w) = -2*w**3 - 3*w + 3*w - 4 + 5*w + g*w**2. Suppose 159*s - 366 = 37*s. What is a(s)?
-16
Let a(t) = 15836*t + 20*t**2 - t**3 + 151 - 5270*t - 5266*t - 5286*t. Determine a(21).
4
Let k(m) = m**3 - 5*m**2 + 3*m - 3. Let z = -6608 + 6612. What is k(z)?
-7
Let y = 316 - 288. Let m be y/7 - (-1 + 5). Let q(o) = o**2 + o + 7. Give q(m).
7
Let v = 4213 + -4208. Let g(k) be the third derivative of 13/24*k**4 + 0*k - 1/6*k**3 + 0 - v*k**2. Determine g(-1).
-14
Let i(t) = -2*t**3 - 15*t**2 + 13*t + 34. Suppose 101*r + 409 + 98 + 301 = 0. What is i(r)?
-6
Let y(r) = r**2 + r - 17. Let k(z) = -2*z**2 - 87*z - 477. Let a be k(-37). Calculate y(a).
3
Let j(s) = s**3 - 3*s**2 - 5*s + 2. Suppose 3*y + 112 = b, -2*y = -b + 100 - 27. Let u = 23 + y. Let k be u/(-8) + (-4)/(-2). Calculate j(k).
-2
Suppose 3*w - 982 = 2*i, 4*i = 2*w - 408 - 244. Let k(j) = w - 3*j - 341 + 0*j. Give k(-9).
14
Let y(l) = -3 + 2*l**3 - 6*l**2 + 13*l**2 - 3*l**3 - 4*l. Let b be (1 + (-8)/(-10))*(2208/(-72) + 34). Calculate y(b).
9
Suppose -4*k + 141*q - 136*q + 364 = 0, -91 = -k - 4*q. Suppose 0 = -5*o - 374 - 66. Let s = o + k. Let u(p) = -5*p + 2. Calculate u(s).
-13
Let f(u) be the second derivative of 0 - 15/2*u**2 - 1/3*u**3 - 5*u. Let g(k) = k**3 + 3*k**2 + 2*k - 4. Let b be g(-3). Give f(b).
5
Suppose 55 = -56*c + 61*c + 5*x, -x = -3*c + 41. Let r(q) = q - 26. Calculate r(c).
-13
Let q(u) be the third derivative of u**5/60 + 47*u**4/24 + 55*u**3/2 - 4*u**2 - 326*u. Give q(-4).
-7
Let l(h) = -3*h**2 - 14*h - 3. Suppose 36*n - 41*n + 2*c = 46, 3*c - 12 = -2*n. Calculate l(n).
-27
Let z = 8 - 12. Let b(o) = 5*o**2 - 13*o - 11. Let r(m) = m**2 - m - 1. Let n(v) = z*r(v) + b(v). Suppose 6*y - 9 = 45. What is n(y)?
-7
Suppose -s - 5*u = -34 + 32, 0 = -4*u + 8. Let v(c) be the third derivative of 0 - 11/6*c**3 + 0*c - 1/24*c**4 + 2*c**2. Calculate v(s).
-3
Let i(q) = 831*q - 2498. Let x be i(3). Let p(y) = 19*y + 88. Determine p(x).
-7
Let l(o) = 16*o**2 - o - 9. Let y(w) = -26*w**2 + w + 19. Let v(t) = -5*l(t) - 3*y(t). What is v(-4)?
-52
Let x(w) = w**2 + 3*w + 12. Suppose 0 = 5407*j - 5351*j - 336. Determine x(j).
66
Let m(h) = h**2 - 14*h + 16. Suppose 4*t - 24 = -3*s, -3*s = -0*t + 2*t - 6. What is m(t)?
-29
Let v(n) = 47*n - 33. Let d be v(2). Suppose 0 = d*x - 77*x + 144. Let p(j) = -j**2 + 7*j + 9. Calculate p(x).
-9
Let g(s) = 3*s**3 - 12*s**2 + 20*s - 14. Let i(m) = -m**3 + 4*m**2 - 7*m + 5. Let z(t) = 4*g(t) + 11*i(t). Suppose -190 = 18*b - 244. Determine z(b).
-1
Let q(k) = 5*k + 10. Let w = -1860 - -1857. Determine q(w).
-5
Let r(o) = 8 - 13*o + 5 + 18*o - 31*o**2 - 9 - 2. Calculate r(-1).
-34
Let u = -348 - -349. Let w(f) = 2*f**2 + 4*f - 1. Let b be w(u). Let y(i) = i**2 - 3*i - 5. Determine y(b).
5
Let n(v) = 57 - 2*v - 30 - 32 + v. Determine n(6).
-11
Let i(w) = w**2 + w + 4. Let v(x) = 2*x**2 + 6*x + 15. Let j(d) = i(d) - v(d). What is j(-5)?
-11
Let l(j) = 2*j - 16. Let a be l(4). Let x(i) = 341 - 7*i**2 - 411 + 81 - i**3 + 7*i. Determine x(a).
19
Let x(s) = -s**3 - 4*s**2 + 7*s + 10. Let i = 1537 - 1542. Determine x(i).
0
Let i(c) be the third derivative of 9*c**4/8 + 11*c**3/3 - 54*c**2 - 21. What is i(-1)?
-5
Suppose 0 = -17*v - 12*v + 87. Let h(j) = -2 - v*j + 2*j + 3*j - 5 - 3*j. Give h(-3).
-4
Let j = 32335 - 32308. Let s(q) = q**3 - 37*q**2 + 271*q - 26. Calculate s(j).
1
Let x(j) = j**3 + j**2 - 8*j - 3. Let z(p) = -3*p**3 - 4*p**2 + 12*p + 1. Let q(i) = 2*x(i) + z(i). Let l be (-4)/6*(1 + 2). Calculate q(l).
3
Let s(q) be the second derivative of -q**6/120 + q**4/12 + 18*q**3 + 199*q. Let x(h) be the second derivative of s(h). Suppose 0 = c - 5*c - 8. Calculate x(c).
-10
Let f(w) = -w**3 + 18*w**2 - 22*w + 67. Let c be f(17). Let k be -6*6/c + -5. Let a(l) = -3*l + 2. Determine a(k).
11
Let p(z) = z**2 - 6*z. Suppose h - 5*h - 164 = 0. Let o = 45 + h. Suppose -2*t - o*a = -16, -2*t + 4*a = a - 9. Calculate p(t).
0
Let x(q) = 12*q**2 - 8*q**3 + 7*q**3 + 19 - 9*q**3 + 40*q + 11*q**3 + 1. Calculate x(-6).
-4
Let i be (27/5)/(240/400). Let x(r) = 323*r + 3*r**2 - i - 3*r**2 - 323*r + r**2. Determine x(0).
-9
Let n(c) be the first derivative of -2*c**3/3 - 30*c**2 + 26*c - 3859. Calculate n(-30).
26
Let f(g) be the second derivative of -g**4/12 - g**3/3 - 1931*g. Let a be ((-14)/(-35))/(2/(-20)). Calculate f(a).
-8
Suppose 5*p - 2*v - 23 = 0, -23 = p - 2*p + 5*v. Let j(m) = 2 - p*m + 0*m**2 - 11 + m**2 + 4. Determine j(4).
-1
Let h(s) = -4*s - 24. Let l be h(-7). Suppose 32 = 3*k - 15*u + 19*u, -2*u = -l*k + 72. Let b(x) = 2*x - 32. Determine b(k).
0
Let n(k) = 12*k**2 - 30*k + 6. Let b(s) = s**2 + 4*s - 2. Let d(m) = 6*b(m) + n(m). Give d(-1).
18
Let d(n) = -6*n - 17. Let u(v) = 3*v + 16. Let z(g) = -2*d(g) - 3*u(g). Let q(p) = p - 3. Let r(k) = 4*q(k) - z(k). What is r(3)?
5
Let l(g) be the first derivative of g**3/3 - 15*g**2/2 + 65*g - 5098. What is l(11)?
21
Let n(o) = -34 - 72*o - 95 - 142 - 26 + 145 + 2*o**2. Determine n(38).
0
Let s(c) = c**2 - 4*c - 10. Suppose -5*b = 3*z + 112 + 125, 4*z = 5*b - 281. Let f = 75 + z. Let p be 9/f - 2 - (1 + -1). Calculate s(p).
11
Suppose -33 = -4*s +